{"id":84,"date":"2025-10-01T16:18:40","date_gmt":"2025-10-01T16:18:40","guid":{"rendered":"https:\/\/blog.carrelage-et-salle-de-bains.com\/?page_id=84"},"modified":"2025-10-07T15:15:02","modified_gmt":"2025-10-07T15:15:02","slug":"conseils-pratiques","status":"publish","type":"page","link":"https:\/\/blog.carrelage-et-salle-de-bains.com\/index.php\/conseils-pratiques\/","title":{"rendered":"Conseils Pratiques"},"content":{"rendered":"\n[et_pb_section fb_built=\u00a0\u00bb1&Prime; admin_label=\u00a0\u00bbHeader Section\u00a0\u00bb _builder_version=\u00a0\u00bb4.27.4&Prime; background_color_gradient_stops=\u00a0\u00bb#000000 11%|rgba(0,0,0,0) 100%\u00a0\u00bb background_color_gradient_overlays_image=\u00a0\u00bbon\u00a0\u00bb background_color_gradient_start=\u00a0\u00bb#000000&Prime; background_color_gradient_end=\u00a0\u00bbrgba(0,0,0,0)\u00a0\u00bb background_image=\u00a0\u00bbhttps:\/\/blog.carrelage-et-salle-de-bains.com\/wp-content\/uploads\/2025\/10\/7EACEDF8-F9C9-4927-9E8D-2E33C8DC9DA9_1_105_c.jpeg\u00a0\u00bb background_position=\u00a0\u00bbtop_center\u00a0\u00bb custom_padding=\u00a0\u00bb9.3%|0px|10.7%|0px||\u00a0\u00bb global_colors_info=\u00a0\u00bb{}\u00a0\u00bb][et_pb_row admin_label=\u00a0\u00bbTitle Row\u00a0\u00bb _builder_version=\u00a0\u00bb4.16&Prime; global_colors_info=\u00a0\u00bb{}\u00a0\u00bb][et_pb_column type=\u00a0\u00bb4_4&Prime; _builder_version=\u00a0\u00bb4.16&Prime; custom_padding=\u00a0\u00bb|||\u00a0\u00bb global_colors_info=\u00a0\u00bb{}\u00a0\u00bb custom_padding__hover=\u00a0\u00bb|||\u00a0\u00bb][et_pb_text admin_label=\u00a0\u00bbTitle &#038; Paragraph\u00a0\u00bb _builder_version=\u00a0\u00bb4.27.4&Prime; text_font=\u00a0\u00bb|600|||||||\u00a0\u00bb text_text_color=\u00a0\u00bb#FFFFFF\u00a0\u00bb text_font_size=\u00a0\u00bb18px\u00a0\u00bb text_line_height=\u00a0\u00bb1.8em\u00a0\u00bb header_font=\u00a0\u00bbMuli|700|||||||\u00a0\u00bb header_font_size=\u00a0\u00bb65px\u00a0\u00bb header_line_height=\u00a0\u00bb1.4em\u00a0\u00bb header_2_font=\u00a0\u00bb||||||||\u00a0\u00bb text_orientation=\u00a0\u00bbcenter\u00a0\u00bb background_layout=\u00a0\u00bbdark\u00a0\u00bb max_width=\u00a0\u00bb640px\u00a0\u00bb max_width_last_edited=\u00a0\u00bboff|desktop\u00a0\u00bb module_alignment=\u00a0\u00bbcenter\u00a0\u00bb custom_margin=\u00a0\u00bb|||\u00a0\u00bb custom_margin_tablet=\u00a0\u00bb0px|||0px\u00a0\u00bb custom_margin_last_edited=\u00a0\u00bboff|desktop\u00a0\u00bb custom_padding=\u00a0\u00bb|||\u00a0\u00bb custom_padding_last_edited=\u00a0\u00bboff|desktop\u00a0\u00bb animation_style=\u00a0\u00bbfade\u00a0\u00bb header_font_size_tablet=\u00a0\u00bb\u00a0\u00bb header_font_size_phone=\u00a0\u00bb50px\u00a0\u00bb header_font_size_last_edited=\u00a0\u00bbon|phone\u00a0\u00bb global_colors_info=\u00a0\u00bb{}\u00a0\u00bb]<h1>Conseils Pratiques<\/h1>\n<p>D\u00e9couvrez des conseils d\u00e9taill\u00e9s pour la pose et l\u2019entretien de vos rev\u00eatements, accompagn\u00e9s de comparatifs produits clairs et complets afin de vous guider pas \u00e0 pas vers le choix le plus adapt\u00e9 \u00e0 votre salle de bains, selon vos besoins, votre budget et vos envies esth\u00e9tiques.<\/p>[\/et_pb_text][\/et_pb_column][\/et_pb_row][\/et_pb_section][et_pb_section fb_built=\u00a0\u00bb1&Prime; _builder_version=\u00a0\u00bb4.27.4&Prime; _module_preset=\u00a0\u00bbdefault\u00a0\u00bb min_height=\u00a0\u00bb236px\u00a0\u00bb global_colors_info=\u00a0\u00bb{}\u00a0\u00bb custom_padding=\u00a0\u00bb||6px|||\u00a0\u00bb][et_pb_row column_structure=\u00a0\u00bb1_3,1_3,1_3&Prime; _builder_version=\u00a0\u00bb4.27.4&Prime; _module_preset=\u00a0\u00bbdefault\u00a0\u00bb global_colors_info=\u00a0\u00bb{}\u00a0\u00bb custom_padding=\u00a0\u00bb||8px|||\u00a0\u00bb][et_pb_column type=\u00a0\u00bb1_3&Prime; _builder_version=\u00a0\u00bb4.27.4&Prime; _module_preset=\u00a0\u00bbdefault\u00a0\u00bb global_colors_info=\u00a0\u00bb{}\u00a0\u00bb][et_pb_button button_text=\u00a0\u00bbPose et installation \u00a0\u00bb _builder_version=\u00a0\u00bb4.27.4&Prime; _module_preset=\u00a0\u00bbdefault\u00a0\u00bb hover_enabled=\u00a0\u00bb0&Prime; global_colors_info=\u00a0\u00bb{}\u00a0\u00bb sticky_enabled=\u00a0\u00bb0&Prime; custom_button=\u00a0\u00bbon\u00a0\u00bb button_text_color=\u00a0\u00bb#8300E9&Prime; button_url=\u00a0\u00bbhttps:\/\/blog.carrelage-et-salle-de-bains.com\/index.php\/category\/conseils-pratiques\/pose-et-installation\/\u00a0\u00bb][\/et_pb_button][\/et_pb_column][et_pb_column type=\u00a0\u00bb1_3&Prime; _builder_version=\u00a0\u00bb4.27.4&Prime; _module_preset=\u00a0\u00bbdefault\u00a0\u00bb global_colors_info=\u00a0\u00bb{}\u00a0\u00bb][et_pb_button button_text=\u00a0\u00bbEntretien et nettoyage\u00a0\u00bb _builder_version=\u00a0\u00bb4.27.4&Prime; _module_preset=\u00a0\u00bbdefault\u00a0\u00bb hover_enabled=\u00a0\u00bb0&Prime; global_colors_info=\u00a0\u00bb{}\u00a0\u00bb custom_button=\u00a0\u00bbon\u00a0\u00bb button_text_color=\u00a0\u00bb#8300E9&Prime; button_url=\u00a0\u00bbhttps:\/\/blog.carrelage-et-salle-de-bains.com\/index.php\/category\/conseils-pratiques\/entretien-et-nettoyage\/\u00a0\u00bb sticky_enabled=\u00a0\u00bb0&Prime;][\/et_pb_button][\/et_pb_column][et_pb_column type=\u00a0\u00bb1_3&Prime; _builder_version=\u00a0\u00bb4.27.4&Prime; _module_preset=\u00a0\u00bbdefault\u00a0\u00bb global_colors_info=\u00a0\u00bb{}\u00a0\u00bb][et_pb_button button_text=\u00a0\u00bbComparatifs et choix\u00a0\u00bb _builder_version=\u00a0\u00bb4.27.4&Prime; _module_preset=\u00a0\u00bbdefault\u00a0\u00bb hover_enabled=\u00a0\u00bb0&Prime; global_colors_info=\u00a0\u00bb{}\u00a0\u00bb button_url=\u00a0\u00bbhttps:\/\/blog.carrelage-et-salle-de-bains.com\/index.php\/category\/conseils-pratiques\/comparatifs-et-choix\/\u00a0\u00bb custom_button=\u00a0\u00bbon\u00a0\u00bb button_text_color=\u00a0\u00bb#8300E9&Prime; sticky_enabled=\u00a0\u00bb0&Prime;][\/et_pb_button][\/et_pb_column][\/et_pb_row][\/et_pb_section][et_pb_section fb_built=\u00a0\u00bb1&Prime; admin_label=\u00a0\u00bbBlog Section\u00a0\u00bb _builder_version=\u00a0\u00bb4.16&Prime; background_position=\u00a0\u00bbtop_center\u00a0\u00bb custom_padding=\u00a0\u00bb0px|0px|100px|0px||\u00a0\u00bb global_colors_info=\u00a0\u00bb{}\u00a0\u00bb][et_pb_row admin_label=\u00a0\u00bbBlog Posts Row\u00a0\u00bb _builder_version=\u00a0\u00bb4.27.4&Prime; global_colors_info=\u00a0\u00bb{}\u00a0\u00bb custom_padding=\u00a0\u00bb0px|||||\u00a0\u00bb][et_pb_column type=\u00a0\u00bb4_4&Prime; _builder_version=\u00a0\u00bb4.27.4&Prime; custom_padding=\u00a0\u00bb|||\u00a0\u00bb global_colors_info=\u00a0\u00bb{}\u00a0\u00bb custom_padding__hover=\u00a0\u00bb|||\u00a0\u00bb][et_pb_blog fullwidth=\u00a0\u00bboff\u00a0\u00bb posts_number=\u00a0\u00bb15&Prime; include_categories=\u00a0\u00bb8,9,10,11&Prime; _builder_version=\u00a0\u00bb4.27.4&Prime; header_level=\u00a0\u00bbh4&Prime; header_font=\u00a0\u00bbMuli|600|||||||\u00a0\u00bb header_font_size=\u00a0\u00bb18px\u00a0\u00bb header_line_height=\u00a0\u00bb1.4em\u00a0\u00bb body_font=\u00a0\u00bbMuli||||||||\u00a0\u00bb body_font_size=\u00a0\u00bb16px\u00a0\u00bb body_line_height=\u00a0\u00bb1.8em\u00a0\u00bb meta_font=\u00a0\u00bbMuli|600|||||||\u00a0\u00bb meta_text_color=\u00a0\u00bbrgba(0,0,0,0.3)\u00a0\u00bb meta_font_size=\u00a0\u00bb14px\u00a0\u00bb pagination_font=\u00a0\u00bbMuli|700|||||||\u00a0\u00bb pagination_text_color=\u00a0\u00bb#f4583f\u00a0\u00bb border_width_all=\u00a0\u00bb0px\u00a0\u00bb global_colors_info=\u00a0\u00bb{}\u00a0\u00bb custom_padding=\u00a0\u00bb0px|||||\u00a0\u00bb][\/et_pb_blog][\/et_pb_column][\/et_pb_row][\/et_pb_section]\n","protected":false},"excerpt":{"rendered":"<p>Conseils Pratiques D\u00e9couvrez des conseils d\u00e9taill\u00e9s pour la pose et l\u2019entretien de vos rev\u00eatements, accompagn\u00e9s de comparatifs produits clairs et complets afin de vous guider pas \u00e0 pas vers le choix le plus adapt\u00e9 \u00e0 votre salle de bains, selon vos besoins, votre budget et vos envies esth\u00e9tiques.<\/p>\n","protected":false},"author":1,"featured_media":0,"parent":0,"menu_order":0,"comment_status":"closed","ping_status":"closed","template":"","meta":{"_et_pb_use_builder":"on","_et_pb_old_content":"","_et_gb_content_width":"","footnotes":""},"class_list":["post-84","page","type-page","status-publish","hentry"],"yoast_head":"<!-- This site is optimized with the Yoast SEO plugin v26.8 - https:\/\/yoast.com\/product\/yoast-seo-wordpress\/ -->\n<title>Conseils Pratiques - Blog Carrelage et Salle de Bains<\/title>\n<meta name=\"description\" content=\"D\u00e9couvrez des conseils pratiques salle de bain pour choisir et entretenir vos rev\u00eatements selon vos besoins et budget.\" \/>\n<meta name=\"robots\" content=\"index, follow, max-snippet:-1, max-image-preview:large, max-video-preview:-1\" \/>\n<link rel=\"canonical\" href=\"https:\/\/blog.carrelage-et-salle-de-bains.com\/index.php\/conseils-pratiques\/\" \/>\n<meta property=\"og:locale\" content=\"fr_FR\" \/>\n<meta property=\"og:type\" content=\"article\" \/>\n<meta property=\"og:title\" content=\"Conseils Pratiques - Blog Carrelage et Salle de Bains\" \/>\n<meta property=\"og:description\" content=\"D\u00e9couvrez des conseils pratiques salle de bain pour choisir et entretenir vos rev\u00eatements selon vos besoins et budget.\" \/>\n<meta property=\"og:url\" content=\"https:\/\/blog.carrelage-et-salle-de-bains.com\/index.php\/conseils-pratiques\/\" \/>\n<meta property=\"og:site_name\" content=\"Blog Carrelage et Salle de Bains\" \/>\n<meta property=\"article:publisher\" content=\"https:\/\/www.facebook.com\/share\/19vqGrpstz\/?mibextid=wwXIfr\" \/>\n<meta property=\"article:modified_time\" content=\"2025-10-07T15:15:02+00:00\" \/>\n<meta property=\"og:image\" content=\"https:\/\/blog.carrelage-et-salle-de-bains.com\/wp-content\/uploads\/2025\/10\/cropped-Capture-decran-2025-10-01-a-18.47.47.png\" \/>\n\t<meta property=\"og:image:width\" content=\"512\" \/>\n\t<meta property=\"og:image:height\" content=\"512\" \/>\n\t<meta property=\"og:image:type\" content=\"image\/png\" \/>\n<meta name=\"twitter:card\" content=\"summary_large_image\" \/>\n<meta name=\"twitter:label1\" content=\"Dur\u00e9e de lecture estim\u00e9e\" \/>\n\t<meta name=\"twitter:data1\" content=\"1 minute\" \/>\n<script type=\"application\/ld+json\" class=\"yoast-schema-graph\">{\"@context\":\"https:\/\/schema.org\",\"@graph\":[{\"@type\":\"WebPage\",\"@id\":\"https:\/\/blog.carrelage-et-salle-de-bains.com\/index.php\/conseils-pratiques\/\",\"url\":\"https:\/\/blog.carrelage-et-salle-de-bains.com\/index.php\/conseils-pratiques\/\",\"name\":\"Conseils Pratiques - Blog Carrelage et Salle de Bains\",\"isPartOf\":{\"@id\":\"https:\/\/blog.carrelage-et-salle-de-bains.com\/#website\"},\"datePublished\":\"2025-10-01T16:18:40+00:00\",\"dateModified\":\"2025-10-07T15:15:02+00:00\",\"description\":\"D\u00e9couvrez des conseils pratiques salle de bain pour choisir et entretenir vos rev\u00eatements selon vos besoins et budget.\",\"breadcrumb\":{\"@id\":\"https:\/\/blog.carrelage-et-salle-de-bains.com\/index.php\/conseils-pratiques\/#breadcrumb\"},\"inLanguage\":\"fr-FR\",\"potentialAction\":[{\"@type\":\"ReadAction\",\"target\":[\"https:\/\/blog.carrelage-et-salle-de-bains.com\/index.php\/conseils-pratiques\/\"]}]},{\"@type\":\"BreadcrumbList\",\"@id\":\"https:\/\/blog.carrelage-et-salle-de-bains.com\/index.php\/conseils-pratiques\/#breadcrumb\",\"itemListElement\":[{\"@type\":\"ListItem\",\"position\":1,\"name\":\"Accueil\",\"item\":\"https:\/\/blog.carrelage-et-salle-de-bains.com\/\"},{\"@type\":\"ListItem\",\"position\":2,\"name\":\"Conseils Pratiques\"}]},{\"@type\":\"WebSite\",\"@id\":\"https:\/\/blog.carrelage-et-salle-de-bains.com\/#website\",\"url\":\"https:\/\/blog.carrelage-et-salle-de-bains.com\/\",\"name\":\"Blog Carrelage et Salle de Bains\",\"description\":\"\",\"publisher\":{\"@id\":\"https:\/\/blog.carrelage-et-salle-de-bains.com\/#organization\"},\"alternateName\":\"Carrelage et Salle de Bains\",\"potentialAction\":[{\"@type\":\"SearchAction\",\"target\":{\"@type\":\"EntryPoint\",\"urlTemplate\":\"https:\/\/blog.carrelage-et-salle-de-bains.com\/?s={search_term_string}\"},\"query-input\":{\"@type\":\"PropertyValueSpecification\",\"valueRequired\":true,\"valueName\":\"search_term_string\"}}],\"inLanguage\":\"fr-FR\"},{\"@type\":\"Organization\",\"@id\":\"https:\/\/blog.carrelage-et-salle-de-bains.com\/#organization\",\"name\":\"Blog Carrelage et Salle de Bains\",\"url\":\"https:\/\/blog.carrelage-et-salle-de-bains.com\/\",\"logo\":{\"@type\":\"ImageObject\",\"inLanguage\":\"fr-FR\",\"@id\":\"https:\/\/blog.carrelage-et-salle-de-bains.com\/#\/schema\/logo\/image\/\",\"url\":\"https:\/\/blog.carrelage-et-salle-de-bains.com\/wp-content\/uploads\/2025\/09\/Capture-decran-2025-09-30-a-18.34.29.png\",\"contentUrl\":\"https:\/\/blog.carrelage-et-salle-de-bains.com\/wp-content\/uploads\/2025\/09\/Capture-decran-2025-09-30-a-18.34.29.png\",\"width\":924,\"height\":274,\"caption\":\"Blog Carrelage et Salle de Bains\"},\"image\":{\"@id\":\"https:\/\/blog.carrelage-et-salle-de-bains.com\/#\/schema\/logo\/image\/\"},\"sameAs\":[\"https:\/\/www.facebook.com\/share\/19vqGrpstz\/?mibextid=wwXIfr\",\"https:\/\/www.youtube.com\/@carrelage-et-salle-de-bains\",\"https:\/\/www.instagram.com\/carrelageetsalledebain?igsh=MWtocXVwdTRvd3RtaQ==\"]}]}<\/script>\n<!-- \/ Yoast SEO plugin. -->","yoast_head_json":{"title":"Conseils Pratiques - Blog Carrelage et Salle de Bains","description":"D\u00e9couvrez des conseils pratiques salle de bain pour choisir et entretenir vos rev\u00eatements selon vos besoins et budget.","robots":{"index":"index","follow":"follow","max-snippet":"max-snippet:-1","max-image-preview":"max-image-preview:large","max-video-preview":"max-video-preview:-1"},"canonical":"https:\/\/blog.carrelage-et-salle-de-bains.com\/index.php\/conseils-pratiques\/","og_locale":"fr_FR","og_type":"article","og_title":"Conseils Pratiques - Blog Carrelage et Salle de Bains","og_description":"D\u00e9couvrez des conseils pratiques salle de bain pour choisir et entretenir vos rev\u00eatements selon vos besoins et budget.","og_url":"https:\/\/blog.carrelage-et-salle-de-bains.com\/index.php\/conseils-pratiques\/","og_site_name":"Blog Carrelage et Salle de Bains","article_publisher":"https:\/\/www.facebook.com\/share\/19vqGrpstz\/?mibextid=wwXIfr","article_modified_time":"2025-10-07T15:15:02+00:00","og_image":[{"width":512,"height":512,"url":"https:\/\/blog.carrelage-et-salle-de-bains.com\/wp-content\/uploads\/2025\/10\/cropped-Capture-decran-2025-10-01-a-18.47.47.png","type":"image\/png"}],"twitter_card":"summary_large_image","twitter_misc":{"Dur\u00e9e de lecture estim\u00e9e":"1 minute"},"schema":{"@context":"https:\/\/schema.org","@graph":[{"@type":"WebPage","@id":"https:\/\/blog.carrelage-et-salle-de-bains.com\/index.php\/conseils-pratiques\/","url":"https:\/\/blog.carrelage-et-salle-de-bains.com\/index.php\/conseils-pratiques\/","name":"Conseils Pratiques - Blog Carrelage et Salle de Bains","isPartOf":{"@id":"https:\/\/blog.carrelage-et-salle-de-bains.com\/#website"},"datePublished":"2025-10-01T16:18:40+00:00","dateModified":"2025-10-07T15:15:02+00:00","description":"D\u00e9couvrez des conseils pratiques salle de bain pour choisir et entretenir vos rev\u00eatements selon vos besoins et budget.","breadcrumb":{"@id":"https:\/\/blog.carrelage-et-salle-de-bains.com\/index.php\/conseils-pratiques\/#breadcrumb"},"inLanguage":"fr-FR","potentialAction":[{"@type":"ReadAction","target":["https:\/\/blog.carrelage-et-salle-de-bains.com\/index.php\/conseils-pratiques\/"]}]},{"@type":"BreadcrumbList","@id":"https:\/\/blog.carrelage-et-salle-de-bains.com\/index.php\/conseils-pratiques\/#breadcrumb","itemListElement":[{"@type":"ListItem","position":1,"name":"Accueil","item":"https:\/\/blog.carrelage-et-salle-de-bains.com\/"},{"@type":"ListItem","position":2,"name":"Conseils Pratiques"}]},{"@type":"WebSite","@id":"https:\/\/blog.carrelage-et-salle-de-bains.com\/#website","url":"https:\/\/blog.carrelage-et-salle-de-bains.com\/","name":"Blog Carrelage et Salle de Bains","description":"","publisher":{"@id":"https:\/\/blog.carrelage-et-salle-de-bains.com\/#organization"},"alternateName":"Carrelage et Salle de Bains","potentialAction":[{"@type":"SearchAction","target":{"@type":"EntryPoint","urlTemplate":"https:\/\/blog.carrelage-et-salle-de-bains.com\/?s={search_term_string}"},"query-input":{"@type":"PropertyValueSpecification","valueRequired":true,"valueName":"search_term_string"}}],"inLanguage":"fr-FR"},{"@type":"Organization","@id":"https:\/\/blog.carrelage-et-salle-de-bains.com\/#organization","name":"Blog Carrelage et Salle de Bains","url":"https:\/\/blog.carrelage-et-salle-de-bains.com\/","logo":{"@type":"ImageObject","inLanguage":"fr-FR","@id":"https:\/\/blog.carrelage-et-salle-de-bains.com\/#\/schema\/logo\/image\/","url":"https:\/\/blog.carrelage-et-salle-de-bains.com\/wp-content\/uploads\/2025\/09\/Capture-decran-2025-09-30-a-18.34.29.png","contentUrl":"https:\/\/blog.carrelage-et-salle-de-bains.com\/wp-content\/uploads\/2025\/09\/Capture-decran-2025-09-30-a-18.34.29.png","width":924,"height":274,"caption":"Blog Carrelage et Salle de Bains"},"image":{"@id":"https:\/\/blog.carrelage-et-salle-de-bains.com\/#\/schema\/logo\/image\/"},"sameAs":["https:\/\/www.facebook.com\/share\/19vqGrpstz\/?mibextid=wwXIfr","https:\/\/www.youtube.com\/@carrelage-et-salle-de-bains","https:\/\/www.instagram.com\/carrelageetsalledebain?igsh=MWtocXVwdTRvd3RtaQ=="]}]}},"_links":{"self":[{"href":"https:\/\/blog.carrelage-et-salle-de-bains.com\/index.php\/wp-json\/wp\/v2\/pages\/84","targetHints":{"allow":["GET"]}}],"collection":[{"href":"https:\/\/blog.carrelage-et-salle-de-bains.com\/index.php\/wp-json\/wp\/v2\/pages"}],"about":[{"href":"https:\/\/blog.carrelage-et-salle-de-bains.com\/index.php\/wp-json\/wp\/v2\/types\/page"}],"author":[{"embeddable":true,"href":"https:\/\/blog.carrelage-et-salle-de-bains.com\/index.php\/wp-json\/wp\/v2\/users\/1"}],"replies":[{"embeddable":true,"href":"https:\/\/blog.carrelage-et-salle-de-bains.com\/index.php\/wp-json\/wp\/v2\/comments?post=84"}],"version-history":[{"count":7,"href":"https:\/\/blog.carrelage-et-salle-de-bains.com\/index.php\/wp-json\/wp\/v2\/pages\/84\/revisions"}],"predecessor-version":[{"id":230,"href":"https:\/\/blog.carrelage-et-salle-de-bains.com\/index.php\/wp-json\/wp\/v2\/pages\/84\/revisions\/230"}],"wp:attachment":[{"href":"https:\/\/blog.carrelage-et-salle-de-bains.com\/index.php\/wp-json\/wp\/v2\/media?parent=84"}],"curies":[{"name":"wp","href":"https:\/\/api.w.org\/{rel}","templated":true}]}}